{"id":18,"date":"2019-01-24T14:17:23","date_gmt":"2019-01-24T14:17:23","guid":{"rendered":"http:\/\/baricdraga.com.hr\/?page_id=18"},"modified":"2019-01-26T14:39:04","modified_gmt":"2019-01-26T14:39:04","slug":"startseite","status":"publish","type":"page","link":"https:\/\/baricdraga.com.hr\/?page_id=18&lang=de","title":{"rendered":"Haus in Bari\u0107 Draga (Karlobag) der beste Urlaub im Kroatien!"},"content":{"rendered":"\n<div class=\"wp-block-image\"><figure class=\"alignright\"><img decoding=\"async\" src=\"http:\/\/baricdraga.com.hr\/wp-content\/uploads\/2019\/01\/n1.jpg\" alt=\"\"\/><figcaption> <br>Baric Draga, Kroatien <\/figcaption><\/figure><\/div>\n\n\n\n<p>Das Haus liegt in der N\u00e4he des Strandes (100 m). Man sieht eine gr\u00fcne Fl\u00e4che mit vielen B\u00e4umen von der Terasse, etwas weiter das Meer und in weiter Ferne die Insel Pag. Der Ort Bari\u0107 Draga befindet sich in einer kleinen Bucht, was fr\u00fcher ein Fischerdorf war. Der Ort ist vollkommen f\u00fcr\n ruhigen Urlaub in unverschmutzter und unber\u00fchrter Natur mit allem \nReichtum des blauen, kristallklaren Meeres, ohne Massenturismus. \nNat\u00fcrliche Klimaeinfl\u00fcsse, besonders die Luftstr\u00f6mung vom Kroatiens \nh\u00f6chtsgebirge Velebit, wirken heilsam auf die Leute, denen eine \nVerbesserung des Gesundheitszustandes und Erholung von Hektik und Stress notwendig sind  &#8211; Der Ort ist ideal f\u00fcr \u201eBatterien f\u00fcllen\u201c.<\/p>\n\n\n\n<p><strong>Die Bauart:<\/strong><br>Rheienhaus, 2 Etagen. Die Zahl der Zimmer: 2, plus ein Wohnzimmer mit einer gro\u03b2en Terasse im Erdgescho\u03b2 und einem Balkon im ersten Stock, mit Nebenr\u00e4umen (die K\u00fcche und das Bad). <\/p>\n\n\n\n<p><strong>Die Zahl der Betten:<\/strong><br>5, h\u00f6chtens 6 (die 2 Sofas im Wohnzimmer zum Ausziehen).  <\/p>\n\n\n\n<p><strong>Die Kategorie:<\/strong> 3 Sterne<\/p>\n\n\n\n<p><strong>Die zus\u00e4tzliche&nbsp;Angaben:<\/strong><\/p>\n\n\n\n<p>&#8211; Die Entfernung von der Stadt Starigrad Paklenica 18 km<br>&#8211; Die Entfernung vom Gesch\u00e4ft 500<br>&#8211; Der Parkpaz hinter dem Haus<\/p>\n\n\n\n<p><strong>Die Ausstattung der K\u00fcche<\/strong><\/p>\n\n\n\n<p>&#8211; Der Herd mit Backofen<br>&#8211; Das Geschir f\u00fcr Vorbereitung und Servieren von Essen, das E\u03b2besteck<br>&#8211; 2 K\u00fchlschr\u00e4nke, 1 Tiefk\u00fchlschrank<br>&#8211; Die Ausstattung des Badezimmers: Die Duschecke<\/p>\n\n\n\n<p><strong>Die andere Wohnungseinrichtungen:<\/strong> <\/p>\n\n\n\n<p>&#8211; Die Klimaanlage<br>&#8211; Das Satelittenfernsehen<br>&#8211; Der Internetanschlu\u03b2<\/p>\n\n\n\n<p><strong>Die zus\u00e4tzlichen Dienstleistungen:<\/strong><\/p>\n\n\n\n<p>&#8211; Das Kinderbett verf\u00fcgbar<br>&#8211; Die Haustiere erw\u00fcnscht<br><br><strong>Die Fremdsprachenkenntnisse:<\/strong><br><br>&#8211; Deutsch<br>&#8211; Englisch<\/p>\n\n\n\n<p>Haustiere sind willkommen!!!<\/p>\n\n\n\n<p><strong>Google maps:<\/strong><\/p>\n\n\n\n<iframe loading=\"lazy\" src=\"https:\/\/www.google.com\/maps\/embed?pb=!1m18!1m12!1m3!1d2851.809795634426!2d15.266006415895724!3d44.37549597910314!2m3!1f0!2f0!3f0!3m2!1i1024!2i768!4f13.1!3m3!1m2!1s0x476189b0e347b809%3A0xe879ef1e8c0aed35!2sBaric+Draga+-+home+for+rent!5e0!3m2!1shr!2shr!4v1548512998010\" width=\"400\" height=\"300\" frameborder=\"0\" style=\"border:0\" allowfullscreen><\/iframe>\n\n\n\n<p>Jeder Gast ist willkommen!<\/p>\n\n\n\n<p>M\u00f6gliche Buchung auf <strong>Telefon:<\/strong> +49(0)40 &#8211; 688 71 5182 <strong>Skype:<\/strong> mariod89<br><strong>E-mail:<\/strong> \n <a href=\"mailto:rezervacije@baricdraga.com.hr\">rezervacije@baricdraga.com.hr<\/a><br><strong>FAX:<\/strong> +385 1 2331151<\/p>\n","protected":false},"excerpt":{"rendered":"<p>Das Haus liegt in der N\u00e4he des Strandes (100 m). Man sieht eine gr\u00fcne Fl\u00e4che mit vielen B\u00e4umen von der Terasse, etwas weiter das Meer und in weiter Ferne die Insel Pag. Der Ort Bari\u0107 Draga befindet sich in einer kleinen Bucht, was fr\u00fcher ein Fischerdorf war. Der Ort ist vollkommen f\u00fcr ruhigen Urlaub in &hellip; <a href=\"https:\/\/baricdraga.com.hr\/?page_id=18&#038;lang=de\" class=\"more-link\">Nastavi \u010ditati<span class=\"screen-reader-text\"> &#8220;Haus in Bari\u0107 Draga (Karlobag) der beste Urlaub im Kroatien!&#8221;<\/span><\/a><\/p>\n","protected":false},"author":2,"featured_media":0,"parent":0,"menu_order":0,"comment_status":"closed","ping_status":"closed","template":"","meta":{"footnotes":""},"class_list":["post-18","page","type-page","status-publish","hentry"],"_links":{"self":[{"href":"https:\/\/baricdraga.com.hr\/index.php?rest_route=\/wp\/v2\/pages\/18","targetHints":{"allow":["GET"]}}],"collection":[{"href":"https:\/\/baricdraga.com.hr\/index.php?rest_route=\/wp\/v2\/pages"}],"about":[{"href":"https:\/\/baricdraga.com.hr\/index.php?rest_route=\/wp\/v2\/types\/page"}],"author":[{"embeddable":true,"href":"https:\/\/baricdraga.com.hr\/index.php?rest_route=\/wp\/v2\/users\/2"}],"replies":[{"embeddable":true,"href":"https:\/\/baricdraga.com.hr\/index.php?rest_route=%2Fwp%2Fv2%2Fcomments&post=18"}],"version-history":[{"count":5,"href":"https:\/\/baricdraga.com.hr\/index.php?rest_route=\/wp\/v2\/pages\/18\/revisions"}],"predecessor-version":[{"id":172,"href":"https:\/\/baricdraga.com.hr\/index.php?rest_route=\/wp\/v2\/pages\/18\/revisions\/172"}],"wp:attachment":[{"href":"https:\/\/baricdraga.com.hr\/index.php?rest_route=%2Fwp%2Fv2%2Fmedia&parent=18"}],"curies":[{"name":"wp","href":"https:\/\/api.w.org\/{rel}","templated":true}]}}