{"id":25,"date":"2019-01-24T14:28:42","date_gmt":"2019-01-24T14:28:42","guid":{"rendered":"http:\/\/baricdraga.com.hr\/?page_id=25"},"modified":"2019-01-26T14:20:31","modified_gmt":"2019-01-26T14:20:31","slug":"uzivajte-u-prirodi","status":"publish","type":"page","link":"https:\/\/baricdraga.com.hr\/?page_id=25","title":{"rendered":"U\u017eivajte u prirodi"},"content":{"rendered":"\n<div class=\"wp-block-image\"><figure class=\"aligncenter\"><img loading=\"lazy\" decoding=\"async\" width=\"650\" height=\"220\" src=\"http:\/\/baricdraga.com.hr\/wp-content\/uploads\/2019\/01\/u1.jpg\" alt=\"\" class=\"wp-image-95\" srcset=\"https:\/\/baricdraga.com.hr\/wp-content\/uploads\/2019\/01\/u1.jpg 650w, https:\/\/baricdraga.com.hr\/wp-content\/uploads\/2019\/01\/u1-300x102.jpg 300w\" sizes=\"auto, (max-width: 650px) 85vw, 650px\" \/><\/figure><\/div>\n\n\n\n<p>Ku\u0107a pokraj mora udaljena 100 metara od pla\u017ee. Sa lijepim pogledom na   otok Pag. Bari\u0107 Draga je malo ribarsko mjesto sa kristalno \u010distim morem u   podno\u017eju Velebita, nedaleko od nacionalnog parka Starigrad Paklenica.   Idealno za ljude koji tra\u017ee odmor u prirodi. <\/p>\n\n\n\n<p>Evo nekoliko fotografije Bari\u0107 Drage:<\/p>\n\n\n\n<div class=\"wp-block-columns has-2-columns is-layout-flex wp-container-core-columns-is-layout-9d6595d7 wp-block-columns-is-layout-flex\">\n<div class=\"wp-block-column is-layout-flow wp-block-column-is-layout-flow\">\n<figure class=\"wp-block-image\"><img loading=\"lazy\" decoding=\"async\" width=\"408\" height=\"306\" src=\"http:\/\/baricdraga.com.hr\/wp-content\/uploads\/2019\/01\/u2.jpg\" alt=\"\" class=\"wp-image-97\" srcset=\"https:\/\/baricdraga.com.hr\/wp-content\/uploads\/2019\/01\/u2.jpg 408w, https:\/\/baricdraga.com.hr\/wp-content\/uploads\/2019\/01\/u2-300x225.jpg 300w\" sizes=\"auto, (max-width: 408px) 85vw, 408px\" \/><\/figure>\n<\/div>\n\n\n\n<div class=\"wp-block-column is-layout-flow wp-block-column-is-layout-flow\">\n<figure class=\"wp-block-image\"><img loading=\"lazy\" decoding=\"async\" width=\"408\" height=\"306\" src=\"http:\/\/baricdraga.com.hr\/wp-content\/uploads\/2019\/01\/u3.jpg\" alt=\"\" class=\"wp-image-99\" srcset=\"https:\/\/baricdraga.com.hr\/wp-content\/uploads\/2019\/01\/u3.jpg 408w, https:\/\/baricdraga.com.hr\/wp-content\/uploads\/2019\/01\/u3-300x225.jpg 300w\" sizes=\"auto, (max-width: 408px) 85vw, 408px\" \/><\/figure>\n<\/div>\n<\/div>\n\n\n\n<div class=\"wp-block-columns has-2-columns is-layout-flex wp-container-core-columns-is-layout-9d6595d7 wp-block-columns-is-layout-flex\">\n<div class=\"wp-block-column is-layout-flow wp-block-column-is-layout-flow\">\n<figure class=\"wp-block-image\"><img loading=\"lazy\" decoding=\"async\" width=\"408\" height=\"306\" src=\"http:\/\/baricdraga.com.hr\/wp-content\/uploads\/2019\/01\/u4.jpg\" alt=\"\" class=\"wp-image-107\" srcset=\"https:\/\/baricdraga.com.hr\/wp-content\/uploads\/2019\/01\/u4.jpg 408w, https:\/\/baricdraga.com.hr\/wp-content\/uploads\/2019\/01\/u4-300x225.jpg 300w\" sizes=\"auto, (max-width: 408px) 85vw, 408px\" \/><\/figure>\n<\/div>\n\n\n\n<div class=\"wp-block-column is-layout-flow wp-block-column-is-layout-flow\">\n<figure class=\"wp-block-image\"><img loading=\"lazy\" decoding=\"async\" width=\"408\" height=\"306\" src=\"http:\/\/baricdraga.com.hr\/wp-content\/uploads\/2019\/01\/u5.jpg\" alt=\"\" class=\"wp-image-108\" srcset=\"https:\/\/baricdraga.com.hr\/wp-content\/uploads\/2019\/01\/u5.jpg 408w, https:\/\/baricdraga.com.hr\/wp-content\/uploads\/2019\/01\/u5-300x225.jpg 300w\" sizes=\"auto, (max-width: 408px) 85vw, 408px\" \/><\/figure>\n<\/div>\n<\/div>\n\n\n\n<p>Ku\u0107a je opremeljena funkcionalnom kuhinjom i kupaonicom sa toplom vodom:<\/p>\n\n\n\n<div class=\"wp-block-columns has-2-columns is-layout-flex wp-container-core-columns-is-layout-9d6595d7 wp-block-columns-is-layout-flex\">\n<div class=\"wp-block-column is-layout-flow wp-block-column-is-layout-flow\">\n<figure class=\"wp-block-image\"><img loading=\"lazy\" decoding=\"async\" width=\"408\" height=\"306\" src=\"http:\/\/baricdraga.com.hr\/wp-content\/uploads\/2019\/01\/u6.jpg\" alt=\"\" class=\"wp-image-109\" srcset=\"https:\/\/baricdraga.com.hr\/wp-content\/uploads\/2019\/01\/u6.jpg 408w, https:\/\/baricdraga.com.hr\/wp-content\/uploads\/2019\/01\/u6-300x225.jpg 300w\" sizes=\"auto, (max-width: 408px) 85vw, 408px\" \/><\/figure>\n<\/div>\n\n\n\n<div class=\"wp-block-column is-layout-flow wp-block-column-is-layout-flow\">\n<figure class=\"wp-block-image\"><img loading=\"lazy\" decoding=\"async\" width=\"408\" height=\"306\" src=\"http:\/\/baricdraga.com.hr\/wp-content\/uploads\/2019\/01\/u7.jpg\" alt=\"\" class=\"wp-image-110\" srcset=\"https:\/\/baricdraga.com.hr\/wp-content\/uploads\/2019\/01\/u7.jpg 408w, https:\/\/baricdraga.com.hr\/wp-content\/uploads\/2019\/01\/u7-300x225.jpg 300w\" sizes=\"auto, (max-width: 408px) 85vw, 408px\" \/><\/figure>\n<\/div>\n<\/div>\n\n\n\n<p>Svi gosti su uvijek dobrodo\u0161li!!!<br>Nazovite nas na: <strong>+385 98 662146<\/strong> ili nam po\u0161aljite e-mail: <strong>  <a href=\"mailto:rezervacije@baricdraga.com.hr\">rezervacije@baricdraga.com.hr<\/a><\/strong><br><strong>fax:<\/strong> +385 1 2331 151 <\/p>\n","protected":false},"excerpt":{"rendered":"<p>Ku\u0107a pokraj mora udaljena 100 metara od pla\u017ee. Sa lijepim pogledom na otok Pag. Bari\u0107 Draga je malo ribarsko mjesto sa kristalno \u010distim morem u podno\u017eju Velebita, nedaleko od nacionalnog parka Starigrad Paklenica. Idealno za ljude koji tra\u017ee odmor u prirodi. Evo nekoliko fotografije Bari\u0107 Drage: Ku\u0107a je opremeljena funkcionalnom kuhinjom i kupaonicom sa toplom &hellip; <a href=\"https:\/\/baricdraga.com.hr\/?page_id=25\" class=\"more-link\">Nastavi \u010ditati<span class=\"screen-reader-text\"> &#8220;U\u017eivajte u prirodi&#8221;<\/span><\/a><\/p>\n","protected":false},"author":2,"featured_media":0,"parent":0,"menu_order":0,"comment_status":"closed","ping_status":"closed","template":"","meta":{"footnotes":""},"class_list":["post-25","page","type-page","status-publish","hentry"],"_links":{"self":[{"href":"https:\/\/baricdraga.com.hr\/index.php?rest_route=\/wp\/v2\/pages\/25","targetHints":{"allow":["GET"]}}],"collection":[{"href":"https:\/\/baricdraga.com.hr\/index.php?rest_route=\/wp\/v2\/pages"}],"about":[{"href":"https:\/\/baricdraga.com.hr\/index.php?rest_route=\/wp\/v2\/types\/page"}],"author":[{"embeddable":true,"href":"https:\/\/baricdraga.com.hr\/index.php?rest_route=\/wp\/v2\/users\/2"}],"replies":[{"embeddable":true,"href":"https:\/\/baricdraga.com.hr\/index.php?rest_route=%2Fwp%2Fv2%2Fcomments&post=25"}],"version-history":[{"count":7,"href":"https:\/\/baricdraga.com.hr\/index.php?rest_route=\/wp\/v2\/pages\/25\/revisions"}],"predecessor-version":[{"id":163,"href":"https:\/\/baricdraga.com.hr\/index.php?rest_route=\/wp\/v2\/pages\/25\/revisions\/163"}],"wp:attachment":[{"href":"https:\/\/baricdraga.com.hr\/index.php?rest_route=%2Fwp%2Fv2%2Fmedia&parent=25"}],"curies":[{"name":"wp","href":"https:\/\/api.w.org\/{rel}","templated":true}]}}