{"id":31,"date":"2019-01-24T14:33:14","date_gmt":"2019-01-24T14:33:14","guid":{"rendered":"http:\/\/baricdraga.com.hr\/?page_id=31"},"modified":"2019-01-26T13:55:52","modified_gmt":"2019-01-26T13:55:52","slug":"predivan-pogled","status":"publish","type":"page","link":"https:\/\/baricdraga.com.hr\/?page_id=31","title":{"rendered":"Predivan pogled"},"content":{"rendered":"\n<div class=\"wp-block-image\"><figure class=\"aligncenter\"><img loading=\"lazy\" decoding=\"async\" width=\"650\" height=\"220\" src=\"http:\/\/baricdraga.com.hr\/wp-content\/uploads\/2019\/01\/p1.jpg\" alt=\"\" class=\"wp-image-127\" srcset=\"https:\/\/baricdraga.com.hr\/wp-content\/uploads\/2019\/01\/p1.jpg 650w, https:\/\/baricdraga.com.hr\/wp-content\/uploads\/2019\/01\/p1-300x102.jpg 300w\" sizes=\"auto, (max-width: 650px) 85vw, 650px\" \/><\/figure><\/div>\n\n\n\n<p>Svaki narod ima svoju svetu planinu: Grci &#8211; Olimp, srednjoeuropski \nnarodi Alpe, Japanci &#8211; Fuji. Hrvatska kultna planina, njezina sveta \ngora, je Velebit.  Me\u0111u njegovim je vrhovima boravi\u0161te dobrog duha u \nHrvata &#8211; Vile  Velebita. Iako po visini zaostaje za Dinarom, Kame\u0161nicom i\n Biokovom, ta  planina ima sredi\u0161nje mjesto u kolektivnoj svijesti \nhrvatskog naroda.  Ona je sastavni dio nacionalnog identiteta, simbol \nHrvatske i jedan od  elemenata njezine prepoznatljivosti u svjetskoj \nzajednici. Takvo mjesto u  duhovnom reljefu Hrvatske Velebit je zaslu\u017eio\n svojim polo\u017eajem,  izgledom i zna\u010denjem u \u017eivotu njezina stanovni\u0161tva.<\/p>\n\n\n\n<p>Velebit je najdu\u017ea planina Dinarskog sustava. Prote\u017ee se u blago   povijenom luku, smjera sjeverozapad &#8211; jugoistok, izme\u0111u prijevoja   Vratnik i doline Zrmanje, u duljini od 145 km. Glomazna mu je trupina   popre\u010dno ra\u0161\u010dlanjena prijevojima, \u0161to je osnova uobi\u010dajne podjele   planinskog niza na: sjeverni (izme\u0111u Vratnika i Velikog Alana), srednji   (izme\u0111u Velikog Alana i Ba\u0161kih O\u0161tarija), ju\u017eni (izme\u0111u O\u0161tarija i  Malog  Alana) i <\/p>\n\n\n\n<div class=\"wp-block-image\"><figure class=\"alignright\"><img loading=\"lazy\" decoding=\"async\" width=\"167\" height=\"220\" src=\"http:\/\/baricdraga.com.hr\/wp-content\/uploads\/2019\/01\/p2.gif\" alt=\"\" class=\"wp-image-129\"\/><\/figure><\/div>\n\n\n\n<p>jugoisto\u010dni  (izme\u0111u Malog Alana i doline gornje Zrmanje).&nbsp;Na zapadu \nje jasno ome\u0111en  Velebitskim kanalom Jadranskog mora, a na istoku \nli\u010dko-gackom zaravni,  izme\u0111u 425 i 600 metara nadmorske visine. \u0160irina \nmu varira od oko 30  kilometara u sjevernom, do svega desetak kilometara\n zra\u010dne udaljenosti  na ju\u017enom Velebitu. Unato\u010d glomaznom izgledu, \nnjegov se planinski niz ne  odlikuje naro\u010ditom visinom. Najvi\u0161i, Vaganski vrh, dose\u017ee tek 1757 m.<\/p>\n\n\n\n<p>Zbog osobitih reljefnih, vegetacijskih i pejza\u017enih vrijednosti,   pojedini u\u017ei dijelovi Velebita posebno su izdvojeni i obuhva\u0107eni   odgovaraju\u0107im kategorijama za\u0161tite. Godine 1949. u ju\u017enom dijelu   planinskog niza osnovan je Nacionalni park &#8220;Paklenica&#8221; (102 km2), dok su   najvrijedniji dijelovi sjevernog i srednjeg Velebita za\u0161ti\u0107eni u   kategoriji strogih i specijalnih rezervata.<\/p>\n\n\n\n<div class=\"wp-block-image\"><figure class=\"alignleft\"><img loading=\"lazy\" decoding=\"async\" width=\"188\" height=\"141\" src=\"http:\/\/baricdraga.com.hr\/wp-content\/uploads\/2019\/01\/p3.gif\" alt=\"\" class=\"wp-image-132\"\/><\/figure><\/div>\n\n\n\n<p> Nakon  \u0161to je 1978. g. uvr\u0161ten u svjetsku mre\u017eu rezervata biosfere  (&#8220;Program  \u010dovjek i biosfera&#8221;, UNESCO), odlukom Hrvatskog sabora 1981.  cijeli je  Velebit progla\u0161en parkom prirode. Godine 1999. u sjevernom  dijelu  planinskog niza osnovan je Nacionalni park &#8220;Sjeverni Velebit&#8221;  (109 km2),  koji uklju\u010duje stroge rezervate Hajdu\u010dki i Ro\u017eanski kukovi,  specijalni  botani\u010dki rezervat Zavi\u017ean &#8211;<br>Balinovac &#8211; Zavi\u017eanska  (Velika) Kosa,  Velebitski botani\u010dki vrt u sjevernom, te specijalni  rezervat \u0161umske  vegetacije \u0160tirova\u010da u srednjem Velebitu. S pravom  Velebit danas  nazivamo PARKOM NACIONALNIH PARKOVA. <\/p>\n\n\n\n<div class=\"wp-block-image\"><figure class=\"alignleft\"><img loading=\"lazy\" decoding=\"async\" width=\"188\" height=\"125\" src=\"http:\/\/baricdraga.com.hr\/wp-content\/uploads\/2019\/01\/p4.gif\" alt=\"\" class=\"wp-image-134\"\/><\/figure><\/div>\n\n\n\n<p>Prirodne  znamenitosti Velebita upotpunjuju jo\u0161 i znanstveno i \nturisti\u010dki  najvrjedniji speleolo\u0161ki objekti u Hrvatskoj &#8211; Cerova\u010dke \npe\u0107ine (ju\u017eni  Velebit) i Lukina jama (sjeverni Velebit) te mnoge manje \n\u0161pilje i jame,  kao i niz zna\u010dajnih geomorfolo\u0161kih (Kiza, Tulove grede, \nkuk Stapina  itd.) i hidrolo\u0161kih objekata (vrelo i tok Zrmanje itd.).<\/p>\n\n\n\n<p>Vi\u0161e informacija na:<br><a href=\"http:\/\/www.pp-velebit.hr\/\">http:\/\/www.pp-velebit.hr<\/a><\/p>\n","protected":false},"excerpt":{"rendered":"<p>Svaki narod ima svoju svetu planinu: Grci &#8211; Olimp, srednjoeuropski narodi Alpe, Japanci &#8211; Fuji. Hrvatska kultna planina, njezina sveta gora, je Velebit. Me\u0111u njegovim je vrhovima boravi\u0161te dobrog duha u Hrvata &#8211; Vile Velebita. Iako po visini zaostaje za Dinarom, Kame\u0161nicom i Biokovom, ta planina ima sredi\u0161nje mjesto u kolektivnoj svijesti hrvatskog naroda. Ona &hellip; <a href=\"https:\/\/baricdraga.com.hr\/?page_id=31\" class=\"more-link\">Nastavi \u010ditati<span class=\"screen-reader-text\"> &#8220;Predivan pogled&#8221;<\/span><\/a><\/p>\n","protected":false},"author":2,"featured_media":0,"parent":0,"menu_order":0,"comment_status":"closed","ping_status":"closed","template":"","meta":{"footnotes":""},"class_list":["post-31","page","type-page","status-publish","hentry"],"_links":{"self":[{"href":"https:\/\/baricdraga.com.hr\/index.php?rest_route=\/wp\/v2\/pages\/31","targetHints":{"allow":["GET"]}}],"collection":[{"href":"https:\/\/baricdraga.com.hr\/index.php?rest_route=\/wp\/v2\/pages"}],"about":[{"href":"https:\/\/baricdraga.com.hr\/index.php?rest_route=\/wp\/v2\/types\/page"}],"author":[{"embeddable":true,"href":"https:\/\/baricdraga.com.hr\/index.php?rest_route=\/wp\/v2\/users\/2"}],"replies":[{"embeddable":true,"href":"https:\/\/baricdraga.com.hr\/index.php?rest_route=%2Fwp%2Fv2%2Fcomments&post=31"}],"version-history":[{"count":7,"href":"https:\/\/baricdraga.com.hr\/index.php?rest_route=\/wp\/v2\/pages\/31\/revisions"}],"predecessor-version":[{"id":136,"href":"https:\/\/baricdraga.com.hr\/index.php?rest_route=\/wp\/v2\/pages\/31\/revisions\/136"}],"wp:attachment":[{"href":"https:\/\/baricdraga.com.hr\/index.php?rest_route=%2Fwp%2Fv2%2Fmedia&parent=31"}],"curies":[{"name":"wp","href":"https:\/\/api.w.org\/{rel}","templated":true}]}}